 h(c) = -15*c + 17. Let a(x) = 11*h(x) + 6*z(x). Give a(-6).
-41
Let c(r) be the third derivative of -r**5/30 + 37*r**4/12 - 67*r**3/6 + 922*r**2. What is c(36)?
5
Let j(x) = x**2 + 9*x - 3. Let m = 37 - 31. Let d be m + (-4)/(-12)*-39. What is j(d)?
-17
Let v(c) = -2*c**3 + 2. Let g(t) = 12*t + 514. Let x be g(-43). What is v(x)?
18
Let x(g) = g**3 - 6*g**2 - 8*g + 25. Suppose 7*l = 3*i + 21, -216*l = 4*i - 214*l - 40. What is x(i)?
18
Suppose -3 + 11 = -8*z. Let j(s) be the third derivative of 0 + 1/20*s**5 + 1/12*s**4 + 0*s + 19*s**2 + 1/6*s**3. Give j(z).
2
Let s(t) = -5*t**3 + 8*t**2 - 2*t - 4. Let f(c) be the first derivative of -27/4*c**4 + 41/3*c**3 - 32 - 5*c**2 - 19*c. Let h(a) = -2*f(a) + 11*s(a). Give h(5).
9
Suppose -5 = 4*f + 79*y - 74*y, 2*f + 4*y + 4 = 0. Let o(n) = n**3 + n**2 - 35. What is o(f)?
-35
Let t(g) = g**2. Let u(k) = -k**2 + 55*k - 560. Let w be u(44). Suppose -5*f + 527 = 162. Let x = f + w. What is t(x)?
9
Let n(v) = -v**2 - v - 1. Suppose -62 = -10*r - 12. Suppose 2*k - 8 = 0, -4*b + 5 = -r*b + k. What is n(b)?
-1
Suppose -3*f + 293 = 5*d, -3*f = 7*d - 8*d + 73. Suppose 4*k = 6*k + 114. Let l = k + d. Let a(w) = 2*w**2 - 5*w. Determine a(l).
12
Let m(i) = -9*i - 3. Let u be (167 + -1)*8/16. Let s = u - 85. Calculate m(s).
15
Let t = -138 - -303. Suppose t*p = 172*p - 70. Let g(a) = -a + 18. Determine g(p).
8
Let z(x) = -5*x + 1. Let g = 38 - 31. Let j be (g + -2 - 7)*(-3)/2. Suppose j*q = 3*o + 6, 0 = 2*q + q + o + 6. What is z(q)?
6
Let f(z) = -7*z + 70. Let m be 15/18 - -3*366/108. Calculate f(m).
-7
Let p(f) = -14 + 9*f - 24*f + 13*f - 6*f + f. Calculate p(-6).
28
Let h(v) = -44*v**2 + 8*v - 44 + 43*v**2 + 35. Suppose q + 4 = 4*r + 13, 0 = -3*q - r + 14. Calculate h(q).
6
Let s(h) be the first derivative of h**4/4 + 8*h**3/3 + h**2/2 + 16*h - 572. Give s(-8).
8
Let r(b) be the third derivative of b**6/120 - b**5/4 - 5*b**4/8 - 3*b**3/2 + 2088*b**2. What is r(16)?
7
Let c be (5/(25/36))/(27/180). Let s = 38 - c. Let z = 10 + s. Let v(k) = k - 12. Calculate v(z).
-12
Suppose -25*n - 16 = -29*n. Suppose 12*b - n = -16. Let x(g) = -g + 0*g**2 + 0*g**2 - 10*g**3. Give x(b).
11
Suppose -3*u + 3*f = 2*f + 90, 19 = -u + 4*f. Let y = 34 + u. Suppose y*m = -0*m + m. Let o(n) = -n**2 - 8. Determine o(m).
-8
Let a(g) = -g**2 + 7*g - 2. Let j(o) = -o**2 + o + 77. Let w be j(-11). Let f be ((-33)/w)/((-9)/(-60)). What is a(f)?
10
Suppose 5*x + 5*h = -69 + 64, 0 = 2*x - 5*h + 30. Let a(g) = g + 0*g - 11 + 12. Calculate a(x).
-4
Let q(y) = -y**2 + 13*y - 5. Let h(m) = -2*m**3 + 13*m**2 - 11*m - 19. Let o be h(3). Give q(o).
17
Let j(n) be the third derivative of n**6/120 - n**5/15 + n**4/4 + n**3/2 - 2*n**2. Calculate j(4).
27
Let h(p) = -p**2 + 3*p + 10. Let x be h(4). Let i(a) = -20*a + 26. Let b(o) = 7*o - 9. Let s(j) = -8*b(j) - 3*i(j). Determine s(x).
18
Let m(c) = -3*c + 5. Let q be m(5). Let t(h) = -2*h**3 + h + 448044 - 6*h**2 - 448054 - 5*h**2 + h**2 + h**3. What is t(q)?
-20
Suppose 9 = 2*n + w, 4*n = -0*n - 5*w + 15. Let h(t) = t**3 - 5*t**2 - 2*t - 1. Calculate h(n).
-11
Let o(t) = -108*t - 24 + 115*t + 155. Let d be o(-18). Let q(c) = -c**2 + 2*c - 2. Give q(d).
-17
Let a be 16*8/160*10. Let t(x) = -2*x**2 + 10*x - 9. Calculate t(a).
-57
Let u(f) = 11*f - 36. Let l(o) = -10*o + 28. Let d(b) = 5*l(b) + 4*u(b). Calculate d(3).
-22
Let r(k) = 15*k**2 + 7*k - 366. Let m(u) = -7*u**2 - 4*u + 182. Let z(b) = 13*m(b) + 6*r(b). Let y(n) be the first derivative of z(n). Calculate y(-10).
10
Let y be ((-4)/9)/((-46)/207). Let x(j) = 0 + j**3 - 13 - 7*j - 5*j**2 + 15 + y. Determine x(6).
-2
Let u(s) = -s - 7 - 5 - 9 + 2*s + 12. Let y be 1479/45 - (-2)/15. Suppose -34*l + y*l + 9 = 0. Determine u(l).
0
Suppose 4*o = -s + 79, 4*s - 2*o = o + 278. Let r = -46 + s. Suppose 2*m - 2*q = -6*q + 10, 3*m + r = 4*q. Let u(p) = p**2 + 5*p + 3. Calculate u(m).
-3
Let u(r) = -71*r**2 - 7*r - 111. Let j(t) = 70*t**2 + 9*t + 139. Let y(w) = 4*j(w) + 5*u(w). What is y(-1)?
-75
Let p(o) = -43*o**2 + 1158*o**3 - 1159*o**3 + 16*o**2 - 11 + 18*o**2 + 5*o. Give p(-10).
39
Let u be 7 + -3 + 4 + -5. Suppose -4*y - 3*h = 2, u*y + 3*h = 5*y + 10. Let r(f) = f**3 - 2*f**2 - 3*f. Give r(y).
-10
Let a be (-9 - (-747)/81)*(22 + -4). Let u(w) = -5*w + 26. Calculate u(a).
6
Let v be (64/(-24))/(6*7/63). Let f(s) = -s**2 - s + 1. Let k(l) = l**3 + 4*l**2 + l + 1. Let b(j) = -2*f(j) - k(j). Determine b(v).
25
Let v(u) = 20 + 5*u - 29 + 5 - 4*u**2 - u**3 - 2*u - u. What is v(-4)?
-12
Let f(w) = 46*w + 87 - 188 - 89 - 28*w. Calculate f(11).
8
Let u(j) = -39 + 35 + 3*j**3 + 5. Let i(w) = -5*w - 26. Let y be i(-5). Determine u(y).
-2
Suppose 8*q - 6 = 19*q - 13*q. Let z(d) = -18*d + 61. What is z(q)?
7
Let y(h) = 24*h - 1. Let l = -4026 - -4024. Determine y(l).
-49
Let y be 11835/526*4/5. Let z(c) = -c**2 + 15*c - 29. What is z(y)?
-83
Let u = -7217 + 7205. Let b(t) = t**2 + 15*t + 49. Determine b(u).
13
Let n(g) = 3*g**2 - g + 1. Suppose -4*x - 2*h + 215 + 69 = 0, 5*x - 352 = -4*h. Let y = -59 + x. Suppose 5*w + y = 3*u, -5*u + 5*w - 1 = -16. Calculate n(u).
3
Let f = -178 + 215. Let y(q) = 0 + 1 + 74*q - 32*q - f*q. Calculate y(-4).
-19
Let c be 198/(-36)*(-10)/11. Let s(p) = -2*p**2 + 2*p + 5. Give s(c).
-35
Let w(b) = b**2 + 6*b - 4 + 4*b - 6*b + 0*b - 5*b. Let k be w(5). Let a(q) = -q**2 + 17*q + 7. What is a(k)?
23
Suppose -2*p - z - 5 = 4, 2*p + 5*z + 5 = 0. Let w(c) be the second derivative of -c**5/20 - 5*c**4/12 + c**3/2 + 7*c**2/2 + 13*c + 800. Give w(p).
-8
Let o(w) = -16*w**2 + 15. Let l(i) = -2*i**2 - 2*i + 1. Let n(x) = -4*l(x) + o(x). Calculate n(-3).
-85
Let j(t) = -t**2 - 10*t + 1267. Let i be j(31). Let r(s) be the third derivative of s**4/8 + s**3/6 + s**2. What is r(i)?
-11
Let q be 16/24*45/10. Let g(c) = -7*c - 39 + 3*c**2 + 3*c + 41 + q*c - c**3. Give g(3).
-1
Let s(u) be the first derivative of -u**4/4 - u**3/3 - u**2/2 + u - 1. Let f = 6370 - 6372. Give s(f).
7
Suppose 5*d + 3*c = 472 - 438, -3*c + 4 = -d. Let l(v) = -2*v**3 + 11*v**2 - 4*v + 2. Determine l(d).
7
Let a(b) = -18 + 1 + b**3 - 57*b + 114*b - 58*b + 7*b**2. Calculate a(-7).
-10
Let r(h) = h - 9. Let f = 145 + -113. Suppose 4*z + f = 4*y, 59 = y + 2*y + 4*z. Give r(y).
4
Let q(x) = -x**2 + 6*x - 5. Suppose 83*r - 75*r = 0. Determine q(r).
-5
Let s be (3 + (-5 - -17) + 4)*-1. Let c(r) = 4*r + 24. Give c(s).
-52
Let a(c) = -7*c - 2. Let k be a(1). Let d(u) = 40*u - 17. Let g(f) = 21*f - 2. Let i(l) = d(l) - 2*g(l). Give i(k).
5
Let x(v) = v + 2 + 0 - 25*v**2 + 14*v**2 + 6*v**2. Let d(z) = -11*z**2 + 2*z + 3. Let t(f) = -4*d(f) + 9*x(f). What is t(4)?
-6
Let f(y) = 2*y - 2*y**2 - 15 + 11*y + 18 - 4*y. Let g(a) = -3*a**2 + 17*a + 6. Let p(h) = -5*f(h) + 3*g(h). Let m = 2 + -8. What is p(m)?
3
Let b = 264 - 112. Let y be (b/57)/((-4)/6). Let i(k) = 2*k + 6. Calculate i(y).
-2
Let w(j) = -j**2 + j + 6. Let f be w(4). Let d(h) be the third derivative of -h**5/60 - h**4/3 - 5*h**3/2 + 3*h**2 - 67. Calculate d(f).
-3
Let h(x) = -x**2 + 6*x - 7. Let g(p) = p**2 - 5*p + 6. Let j(z) = -6*g(z) - 5*h(z). Let l(f) = 7*f**2 + 6*f + 11. Let r(d) = 6*j(d) + l(d). Calculate r(-2).
-3
Let f = 2 + 27. Let k = f + -28. Let l(q) be the second derivative of -4*q**5/5 + q**2/2 - 67*q. Calculate l(k).
-15
Let u(q) = 3*q - 2. Suppose -3*z + 4*v + 13 + 9 = 0, 2*z - 20 = 4*v. Suppose -z*o + 0 = -4. Let y be (-4 + o)*(-3)/2. Give u(y).
7
Let y(k) = 63*k + 49*k - 30 - k**2 - 184*k - 9 + 58*k. Let h be y(-5). Let z(a) = 8*a**2 - 2*a**2 + 2*a**3 - 2 - 3*a**3. Calculate z(h).
-2
Let j(f) be the second derivative of f**5/20 + 5*f**4/12 - 7*f**2/2 - 101548*f. Suppose 3*o = -0*o - 15. Give j(o).
-7
Let d(i) be the third derivative of -i**5/5 + i**4/24 + i**3/6 - 14*i**2. Let y = -11357 + 11356. Calculate d(y).
-12
Let o be 9700/70 + 3/7. Suppose 3*m = m - f + 71, 4*m - o = -f. Suppose -l + 3*l = 2, -4*l = 5*u - m. Let v(q) = q**3 - 5*q**2 - 4*q + 1. Determine v(u).
13
Let s(g) = -2*g**2 + 14*g - 9. Let l = -9435 - -9441. Determine s(l).
3
Let d(x) = x**2 + 18*x + 73. Let y be d(-7). Let v(t) = 5*t + 15. Give v(y).
-5
Let t(n) = n**2 + 5. Let g be t(-4). Let r(j) = j + g - 18 - 8. What is r(5)?
0
Let x(a) = 2*a**2 + a. Let c(v) = -v**2 - 3*v + 3. Let z be c(-3). Let y(d) = 692 - 4*d**3 - 11*d**2 + z*d**3 